mber?
True
Suppose 2*h = -0*h + 382. Is h a composite number?
False
Suppose 0 = -5*w - 3*c - 2*c - 2045, 2*w = c - 827. Is w/6*(-12)/8 a composite number?
False
Let k = -10 - -14. Suppose 0*n + 5 = -k*q + n, 0 = 2*q - 3*n + 15. Suppose 425 = 5*o - q*o. Is o prime?
False
Let o(j) = 23*j + 5. Let k(s) = 24*s + 5. Let h(a) = -5*k(a) + 6*o(a). Let t be h(5). Suppose -2*d = 5*y - 449, -y - 3*d + t = -0*y. Is y composite?
False
Let t = 36 - -10. Suppose -d + t + 47 = 0. Is d composite?
True
Suppose z - 5*z = -4*n - 4, 9 = -3*n + z. Let o be 1308/(-18)*30/n. Suppose 0 = -10*b + 5*b + o. Is b a prime number?
True
Let o(d) be the third derivative of 3*d**4/8 + 2*d**3/3 - d**2. Is o(6) a prime number?
False
Let g(i) = 24*i**3 - 7*i**2 - 2*i + 1. Let f(j) = -23*j**3 + 8*j**2 + 3*j - 1. Let q(a) = 4*f(a) + 5*g(a). Is q(2) prime?
False
Let w(l) = 7*l**3 + 4*l**2 + 7*l - 1. Let c be w(-3). Let g = c + 302. Is g composite?
False
Suppose -a - 4 = 2*d - 22, -3*a + 9 = d. Suppose -r + d = 2. Is r prime?
True
Let h(d) = 21*d - 28. Is h(17) a composite number?
True
Let p(t) be the third derivative of t**5/60 + t**4/3 + 7*t**3/6 + 4*t**2. Let x be p(-7). Suppose x = k - 25 - 34. Is k a prime number?
True
Let x(h) = -h**3 + 8*h**2 + 4. Let w be x(8). Suppose -d + a + 308 = 0, w*a - 1449 = -4*d - 225. Is d prime?
True
Let j = 9 - 6. Is 289/3 - (-2)/j a composite number?
False
Suppose 5*s = 72 + 23. Suppose 67 + s = m. Is m prime?
False
Suppose -3*a = -6*a + 111. Is a composite?
False
Suppose 2073 = 7*b + 526. Is b a composite number?
True
Suppose 0 = -3*x - 1 - 17. Let a be x/(-27) + 8366/18. Suppose -4*g + a = g. Is g prime?
False
Let b be (-2)/(-1 - 46/(-42)). Let i = 34 + b. Is -1*3/(-3)*i prime?
True
Let q(f) = 0*f - 3*f + 17*f**3 + 3 + 0 + 3*f**2 + 14*f**3. Let z be q(2). Suppose 140 = 5*h - 3*c - z, -2*h + 174 = -5*c. Is h composite?
True
Let q(l) = l**2 + 17*l - 6. Let t(x) = x**2 + 18*x - 7. Let a(y) = -7*q(y) + 6*t(y). Let n be a(-12). Let z(f) = -f**3 - 12*f**2 + 7. Is z(n) a prime number?
True
Let t(u) = -2*u - 1. Suppose 3*z + 9 = -0*z. Let y be (z/2)/((-15)/(-40)). Is t(y) prime?
True
Let h = 10 - 8. Is h/10 + (-28692)/(-90) a composite number?
True
Suppose 9*c - 6*c = 2*l - 117, -230 = -4*l + 2*c. Is l a prime number?
False
Suppose -5*v = -v - i - 380, v - i = 95. Is v a prime number?
False
Suppose -5*c + 8*c - 6 = 0. Suppose c*o + o = 6. Suppose o*k - k = 35. Is k a prime number?
False
Let g(z) = z**3 - 12*z**2 + 5*z - 11. Is g(13) composite?
False
Let b(i) be the first derivative of i**4/24 + 5*i**3/6 - i**2 - 1. Let j(m) be the second derivative of b(m). Is j(8) a prime number?
True
Suppose 1690 = 5*l + 5*u, l - 5*u + 68 - 400 = 0. Is l composite?
False
Let k = -2345 + 3300. Is k composite?
True
Is (-11742)/(-24) - (-2)/(-8) a prime number?
False
Suppose 7*o + 10 = 2*o. Let g be (-138)/o - 2/(-2). Suppose -7 = -2*n - 0*n + 3*k, 0 = 5*n + 3*k - g. Is n a prime number?
True
Suppose 78 = v + v. Is v prime?
False
Let s = 204 - 77. Suppose 38 = -d + s. Is d prime?
True
Is (-23704)/(-14) - (-4 - 116/(-28)) prime?
True
Suppose 5*f + 638 = 2*v, -v - 4*f + 957 = 2*v. Is v a composite number?
True
Let j = 466 - 327. Is j prime?
True
Let t = 523 - 194. Is t composite?
True
Let w = -6 + 6. Suppose -a = -w*a - 69. Is a a composite number?
True
Let g(o) = 5*o**2 + 5. Let q be g(-4). Suppose 4*d + q = 497. Suppose 3*n - 2*v - 72 = 93, v = -2*n + d. Is n prime?
True
Is (-5)/(-20) + (-715)/(-4) a prime number?
True
Let f(c) = c**3 - 4*c**2 - 5*c + 2. Let s be f(5). Let u(p) = 10*p + 5*p - 2*p + 1 + s. Is u(4) composite?
True
Suppose 0 = 5*a - d - 20, 5*d = 4*a - 0*d - 37. Suppose 2*v = -2*v + 20, 0 = -5*j - a*v + 15. Suppose 0 = 2*q - j*q - 52. Is q composite?
True
Suppose 3*z = 947 - 230. Is z prime?
True
Let c = 13 - 9. Let d = -1 + c. Suppose 2*g - l - 20 - 19 = 0, 2*g = -d*l + 35. Is g a prime number?
True
Let l(r) = 9*r**2 - r - 15. Is l(7) composite?
False
Let s be (-6 - -4)*(0 - (-249)/(-6)). Suppose -2*b + 0*b + 56 = 0. Let v = s - b. Is v composite?
True
Suppose 5910 = 3*k + 3*k. Is k a composite number?
True
Suppose 0*w = 3*w - 465. Let p = w - 231. Let y = -45 - p. Is y composite?
False
Let g(f) = -f - 12. Let m be g(-10). Let q = 3 - m. Suppose -q*r + 253 = -562. Is r a composite number?
False
Suppose i - 127 = -0*i. Is i prime?
True
Let i be 0/2 + 1 + 0. Let o = -1 + i. Suppose o*r = -5*r + 55. Is r a prime number?
True
Suppose 1045 = 2*r + 2*w - 1871, 7314 = 5*r - w. Suppose 0 = 4*y - 3*b + 347 - r, 2*y + b = 555. Is y prime?
False
Let a = 206 + -101. Suppose 144 = 3*v - a. Is v a prime number?
True
Let m = -11 - -15. Is 11/(-1 - (-6)/m) a prime number?
False
Suppose 3*r - 240 = 189. Is r a prime number?
False
Is 3046/12 - (-6)/36 a composite number?
True
Let x be (-116)/(-3)*(-27)/(-2). Suppose x = 3*k + 150. Suppose -r + k = 3*r. Is r a composite number?
False
Let v be 6/5*(-465)/(-6). Is (-12)/(-3)*v - 1 composite?
True
Let a be (300/(-7))/(1/(-14)). Suppose 5*l - 4*r - 600 = 0, 5*l - a = 3*r - 8*r. Suppose -410 = -2*p - l. Is p a prime number?
False
Is (4*9/12)/((-1)/(-277)) a composite number?
True
Suppose -5*g - 1620 = -5*u, -2*g = -3*u + 2*g + 977. Is u a composite number?
True
Let h(s) = s**3 + 10*s**2 + s + 10. Let l be h(-10). Let g be 5*-1*(-1 - l). Is 4/(-10) + 717/g a composite number?
True
Suppose u = -5*h + 304, 2*h + 3*h + 5*u - 300 = 0. Is 3 - (-4 - -1 - h) prime?
True
Let d(t) = -2*t + 5. Let r(i) = 1. Let j(f) = d(f) - 4*r(f). Let y be j(6). Let a = y - -18. Is a a prime number?
True
Let q(t) be the third derivative of t**7/2520 + t**6/720 + 149*t**5/120 - t**4/8 - 3*t**2. Let c(m) be the second derivative of q(m). Is c(0) composite?
False
Suppose 2*x + 0*x - 124 = 3*f, 8 = -2*f. Let b = x + 53. Is b composite?
False
Let l = 494 - -68. Is l a composite number?
True
Let d(t) = 58*t**2 + t - 1. Let i(q) = -3*q - 2 + 8 + 0*q + 2*q. Let v be i(5). Is d(v) prime?
False
Suppose -6*p - 20 = -2*p. Let i = p - -8. Suppose -s - 101 = -2*d - 4*s, i*s + 64 = d. Is d composite?
True
Let l = 127 + 180. Is l a prime number?
True
Suppose -1039 = 5*y - 6*y. Is y a prime number?
True
Let x = 7033 - 4598. Is x prime?
False
Is 35 - (-1 - (2 + -5)) composite?
True
Let w(z) = -6*z**2. Let a(l) = -5*l**2. Let k(t) = 5*a(t) - 4*w(t). Let y be k(3). Is 4/(-6)*(y + 0) a composite number?
True
Let f = 159 - 25. Is f a composite number?
True
Let c = -1 + 1. Suppose -5*t + i + 2*i + 20 = c, 3*i + 19 = 4*t. Is (-2 + (t - 52))/(-1) a composite number?
False
Let q = 17 + -12. Suppose 2*n = 5*z - n - 1594, q*n + 15 = 0. Is z a composite number?
False
Let l(h) = h + 7*h - 16*h - 12*h. Let x be l(1). Let d = x + 39. Is d a prime number?
True
Suppose -8*m = -12*m + 3836. Is m prime?
False
Suppose 0 = -5*d + 2*d. Is (-7 + d)*(-51)/3 a prime number?
False
Let c(w) = -w**3 + 3*w**2 - 4*w + 4. Let b be c(-7). Let v = 1043 - b. Is v a prime number?
True
Let v(g) be the third derivative of -1/20*g**5 + 1/120*g**6 + 0*g + g**3 - 1/8*g**4 - 3*g**2 + 0. Is v(4) prime?
False
Let n = -7 + 42. Is n*((-1)/(-1) + 0) a prime number?
False
Suppose -46 + 10 = -m. Suppose -v = -m - 43. Is v prime?
True
Is (-2 - 2956/(-52)) + (-4)/(-26) a prime number?
False
Let g = 24 + -15. Let n(x) = -x**3 - 3*x**2 + 3*x - 1. Let u be n(-4). Suppose 76 = 3*z - 2*m, -z - 2*m + g = -u. Is z a composite number?
True
Is (67 - -1) + 1/(-1) prime?
True
Let m be (2 - -1)/1 - -317. Suppose 3*k + m = s + 1574, s = -3*k + 1260. Is k a composite number?
False
Let j = 80 + -168. Let n = j + 162. Is n a composite number?
True
Let i be (-654)/(-27) - 4/18. Is -4 - -1 - (-1 - i) prime?
False
Let s(j) = -2*j**3 - 2*j**2 - 4*j - 7. Is s(-6) prime?
False
Let q = 1122 - -421. Is q composite?
False
Suppose -3*b = -68 - 97. Is b a composite number?
True
Let j(f) be the second derivative of -f + 0 + 4/3*f**3 - f**2. Is j(2) composite?
True
Let s be 22/(3*4/6). Let z = -6 + s. Is 43/z - 8/(-20) prime?
False
Let d = -7 - -30. Let o(m) = 5*m - 3*m + d - m. Is o(0) composite?
False
Let g(w) = -3 + 37*w + w + 5*w - 6*w. Is g(4) a prime number?
False
Suppose -3*s - 2*s = 0. Suppose 4*t + 4*f = 20, -4*t + 14 = -s*f + 2*f. Suppose z - 35 = -t. Is z a composite number?
True
Let i be 8/(-20) + (-44)/(-10). Let u = i - -2. Suppo